 + 14*w. What are the prime factors of r(-4)?
2
Suppose -20 = -64*q + 69*q, 5344 = 2*u - 2*q. List the prime factors of u.
2, 23, 29
List the prime factors of (2459 - 1) + (-140)/20.
3, 19, 43
List the prime factors of (-22)/99 + 4052/9.
2, 3, 5
Let n(d) = 808*d**2 + 5*d + 3. List the prime factors of n(-1).
2, 13, 31
Let t(s) = 2*s - 11*s + 0 + 0 - 16. List the prime factors of t(-5).
29
Suppose 7*p + 55 = -78. Let j = p - -19. Let x = j - -25. List the prime factors of x.
5
Suppose 432 = 20*m - 828. List the prime factors of m.
3, 7
Let n = -177 - -102. Let i = -38 - n. List the prime factors of i.
37
Let a be (-4 + 8)*40/2. Suppose -a - 130 = -3*n. Suppose 6*v - n = v. What are the prime factors of v?
2, 7
Let h(b) = b**2 + b - 14. Let j be h(0). Let d be 6/9 - j/6. Suppose -d*q = -21 - 0. List the prime factors of q.
7
Let v be -2*(-23)/4*-2. Suppose 57 = -19*j - 0*j. Let r = j - v. List the prime factors of r.
2, 5
Let m = 404 + -352. List the prime factors of m.
2, 13
Suppose 5*m = 2*m - 6. Let x be -1 + (-4 - m) + 6. What are the prime factors of 24/3 + x/3?
3
Let s(j) = j**3 + 7*j**2 - 8*j + 26. List the prime factors of s(-8).
2, 13
Suppose -4*j + w - 5 = -7*j, w = -5*j + 5. Suppose j = 5*s - 7*s + 4. Suppose -2*u + s*x + x + 53 = 0, 0 = -4*u - 2*x + 130. List the prime factors of u.
31
Suppose 0 = 13*a - 18*a + 515. Let k = a + 7. What are the prime factors of k?
2, 5, 11
Let j(m) = 27*m + 29. List the prime factors of j(6).
191
Suppose -4*c + 0*x + 1000 = 4*x, -5*x = -3*c + 710. List the prime factors of c.
5, 7
Let c(s) = s + 88. What are the prime factors of c(-21)?
67
Suppose -13*q = -14*q. Suppose q = -86*s + 91*s - 230. What are the prime factors of s?
2, 23
Let n = 5 + -2. Suppose 1920 = n*m + 9*m. List the prime factors of m.
2, 5
Let b(h) = -h**3 + 3*h**2 - 3*h - 2. Let i be b(3). Let o = 16 + i. Suppose -o*g + 48 = -g. List the prime factors of g.
2, 3
Let j(x) = x**2 - 2*x - 1. Let v be j(4). Let m be 254/v - (-14)/(-49). Let n = 56 - m. List the prime factors of n.
2, 5
Suppose -15 - 53 = -4*a. List the prime factors of 190/1 + (17 - a).
2, 5, 19
Let s(x) = -x - 2. Let l be s(-2). Suppose l*o - 4 = -2*o. What are the prime factors of (15/20)/(o/64)?
2, 3
Let l(d) = 2*d**2 + 16*d - 7. Let x(y) = y**3 - 12*y**2 + 21*y - 6. Let f be x(10). List the prime factors of l(f).
89
Let o(n) be the third derivative of -n**5/60 + 3*n**4/8 - 3*n**3/2 + 5*n**2. Let u be (-1)/(-2)*(0 - -12). What are the prime factors of o(u)?
3
Let u be 5 + -1 - 2/(-2). Let k(f) = -f**3 + 5*f**2 + 5*f - 2. Let v be k(u). Suppose -y = g - v, g = 2*y - 4*g - 67. What are the prime factors of y?
2, 13
Suppose 14 = 2*j + 6, t - 21 = 2*j. List the prime factors of t.
29
Let l(n) = 43*n - 6. Let d(t) = 129*t - 18. Let o(a) = -3*d(a) + 8*l(a). What are the prime factors of o(-3)?
3, 5
Let q(f) = -4*f - 5. Let d(n) = -3*n - 6. Let t(s) = -5*d(s) + 4*q(s). What are the prime factors of t(4)?
2, 3
Let c(g) = -811*g - 10. List the prime factors of c(-1).
3, 89
Let h be ((-96)/(-60))/((-4)/30). Let c = -11 - h. What are the prime factors of 0 + c + 0 + 58?
59
Suppose 3 = z + 1. Let d be z/(-4) + 35/(-14). What are the prime factors of ((-105)/(-25))/(d/(-15))?
3, 7
Let c(y) = y**2 - 10*y + 20. Let a be c(8). Suppose -22 = -a*l + 82. What are the prime factors of l?
2, 13
Suppose 1371 - 447 = 4*k. Let v be k/22*2/3. Suppose 2*x + v = y - 4, 0 = -2*y - x + 37. List the prime factors of y.
17
Let j be 8/32 - (-358)/8. Suppose 0 = 2*x - j - 89. Let m = -39 + x. List the prime factors of m.
2, 7
Suppose f = -f + 10. Suppose 0 = -0*p - 3*p + 5*c + 197, 3*p + f*c - 187 = 0. What are the prime factors of p?
2
Let v(z) = -z**3 + 5*z**2 - 2*z - 5. Let m be v(5). Let a = 17 + m. Suppose -a*n + 45 = 3*n. What are the prime factors of n?
3
Let d = -3363 + 6138. List the prime factors of d.
3, 5, 37
Let h(g) = -254*g**3 + 3*g**2 + 4*g. What are the prime factors of h(-1)?
11, 23
Let t(m) = 7 + 5 + 2 - 5*m. Let p(x) = x**2 + 13*x - 54. Let n be p(-16). List the prime factors of t(n).
2, 11
Let a = 22 + -19. Suppose -2*j = 5*q - 27, -2*q + j + 6 = a*j. What are the prime factors of q?
7
Let j = 41 + 405. List the prime factors of j.
2, 223
Let t be 9/21 - (-3)/(-7). Suppose 2*v + d - 152 = t, 4*v - 3*d - 358 = -v. List the prime factors of v.
2, 37
Suppose -2*v = -3*n + 2 + 4, -n - 15 = 5*v. Suppose 19*q - 25*q + 816 = n. What are the prime factors of q?
2, 17
Let k(p) = 4*p**3 + p**2 - p. Let o be k(1). Suppose -o*a + 15 = 71. Let d = a + 19. List the prime factors of d.
5
List the prime factors of (-69002)/(-23) + 140/(-1610).
2, 3, 5
Let u = 16 - 23. Let a = -5 - u. Let t = 0 + a. List the prime factors of t.
2
Let r(b) = -10*b + 4. Let j(a) = a**3 - 13*a**2 + 12*a - 1. Let c be j(12). What are the prime factors of r(c)?
2, 7
What are the prime factors of 2/1 - (-372 - -17)?
3, 7, 17
Suppose -6*m - 7098 = -19*m. List the prime factors of m.
2, 3, 7, 13
Let m be (-20)/(-15) + (10/3)/5. Suppose 0 = -0*y + m*y - 4*h - 292, 0 = -2*y + h + 307. List the prime factors of y.
2, 3, 13
What are the prime factors of ((-61680)/(-96))/((-1)/(-2))?
5, 257
Let p be (-21)/(1/((-50)/(-15))). Let r = 34 - p. List the prime factors of r.
2, 13
Let g(s) = 24*s - 18. Let b(f) = -23*f + 19. Let m(j) = 2*b(j) + 3*g(j). List the prime factors of m(5).
2, 3, 19
Suppose v - 4 = -0. Let f be (v/6)/(3/54). List the prime factors of -27*(2 + (-28)/f).
3
Suppose -f + w + w + 6 = 0, -2*f = 4*w - 12. Let l(r) = 0*r - f - 4*r + r + 4*r. What are the prime factors of l(11)?
5
Let y(l) = 8*l**2 - 3*l - 1. Let p be y(-4). Suppose -4*w = -33 - p. What are the prime factors of w?
43
Let y be -1*((-8730)/22 + 6/(-33)). Suppose 576 = 5*x + s - y, 0 = x - 4*s - 203. What are the prime factors of x?
3, 5, 13
Let k(y) be the third derivative of -5*y**4/24 + 5*y**3/3 + 6*y**2. Let i be k(-17). Suppose -23 = 2*t - i. List the prime factors of t.
2, 3
Suppose -v - 10 + 14 = 0, -2144 = -2*c - 2*v. What are the prime factors of c?
2, 3, 89
Let u = -225 + 268. List the prime factors of u.
43
Suppose -31*f = -45606 - 60259. What are the prime factors of f?
5, 683
Suppose 2*c - 11 = -5*s + 5*c, c = s - 3. Suppose -1 - 230 = -5*b + 2*z, 53 = b + 3*z. Let u = s + b. What are the prime factors of u?
2, 3
Suppose -10960 = -11*o + 3153. List the prime factors of o.
1283
What are the prime factors of (-306)/12*104/(-12)?
13, 17
Suppose 3*g + 4*s = 8, -22 = -8*g + 3*g + 2*s. Suppose -15 = -g*m - m. Suppose 28 + 10 = 5*y - 4*i, m*y - 5*i - 15 = 0. List the prime factors of y.
2, 5
Suppose -536 = -3*o + 118. Suppose -3*k - 38 - o = 4*n, 4*k = 0. What are the prime factors of n/(-6) - 2/(-6)?
11
What are the prime factors of ((-865)/10)/(1/(-2))?
173
Suppose -a = 5*y - 7, 4*a + 13 = y - 1. Let w = a + 63. What are the prime factors of w?
2, 3, 5
Suppose o = -y - 6, -3*o + 4 - 2 = -2*y. Let t(z) = z**3 + 2*z**2 - 2*z + 3. Let n be t(y). Let r = 53 + n. What are the prime factors of r?
2
Let h(k) = -3*k**2 - 12*k + 5. Let w be h(-5). List the prime factors of ((-8)/w)/(2/(8 + 2)).
2
Suppose -5*k + 949 = -4*n, -5*n = -2*k + 1992 - 827. Let o = -77 - n. Suppose -4*m - 16 = 0, 5*m - o = -5*a - 14. List the prime factors of a.
2
Let i(w) = w**3 - 7*w**2 + 2*w + 1. Let l = 43 + -35. What are the prime factors of i(l)?
3
Let p = -5 + 179. Suppose z - 4*z + 108 = -3*b, -p = -4*z - 2*b. What are the prime factors of z?
41
Let p(i) = 74*i**2 - 40*i + 332. What are the prime factors of p(7)?
2, 3, 613
Suppose -24 = 10*y - 7*y. What are the prime factors of (3 + -40)/((10/y)/5)?
2, 37
Let y(s) = -s**2 - 9*s - 5. Let p be y(-8). Let t = 15 - p. Let h = 29 - t. List the prime factors of h.
17
Let i(p) = -p**3 + p**2 + 7*p + 23. List the prime factors of i(-7).
2, 3, 61
Let n be (-30)/(-10) + (1 - 3 - -1). Suppose n*h + 4*b - 230 = 0, -3*h + 179 = 3*b - 172. List the prime factors of h.
7, 17
Suppose 0 = -5*m - 198 + 1033. Suppose -5*x = 5*a - 425, -4*x + a - m + 502 = 0. List the prime factors of x.
2, 3, 7
Let f be (-12 + 0)/3 + 0/(-5). List the prime factors of 212 + -5 - f - 1.
2, 3, 5, 7
Let b be 162/8 + (-6)/(-8). Let d = b - 8. Suppose 0 = 2*g - 3*u + u - 2, 5*u - d = -g. What are the prime factors of g?
3
Suppose -32*b + 34*b = 3*s - 1969,